(h) = h**3 + 22*h**2 - 23*h + 18. Let n be p(-23). Let c be 2/((n/21)/6). Suppose 16 = 2*t + c. Let z(o) = -o**3 + 2*o**2 + o - 1. What is z(t)?
1
Let f = 2997 - 3008. Let n(y) = -y**3 - 11*y**2 - 2*y - 17. Calculate n(f).
5
Suppose 6402 = 26*d + 5908. Let u(w) = w**2 - 9*w - 193. Give u(d).
-3
Suppose 2*t - 66 = -2*y - 28, 0 = -4*y - 2*t + 60. Let w(g) = -2*g**2 + 28*g - 66. Determine w(y).
0
Let o(b) be the second derivative of b**3/2 + 3*b**2/2 + b. Let g be (-175)/(-125) + (-3)/(-5). Suppose 0*r - g*s - 4 = 2*r, 3*s + 18 = r. Give o(r).
12
Let v(j) = -3*j**2 + j. Let m(g) = -16*g**2 + 11*g - 11. Let t(x) = m(x) - 5*v(x). What is t(4)?
-3
Suppose -41*w = -46*w - 10. Let u(f) = 2*f + 4*f - 2 - 10*f. What is u(w)?
6
Let w(j) be the third derivative of -7*j**4/12 + j**3/6 + 3*j**2 + j - 774. Determine w(-3).
43
Let q(n) = 5 - 13 + 3 - 3*n + 5*n**2 + 4. Let f(z) = 9*z**2 - 5*z - 2. Let c(v) = 3*f(v) - 5*q(v). What is c(-4)?
31
Let u(a) be the first derivative of -1/2*a**2 + 73 + 10*a. Determine u(-9).
19
Let a(b) be the third derivative of 0*b - 1/24*b**4 + 0 - b**3 - 68*b**2. Determine a(-4).
-2
Let g(l) = 7*l - 14*l - 5 - 5 + 6*l. Let i be g(-13). Let q(j) = 1 + 2 - 5*j**2 + 0 + 3*j + 1 + j**3. Determine q(i).
-5
Let g(v) = 29*v**2 - v + 65. Let t(o) = -11*o**2 - 22. Let k(f) = 3*g(f) + 8*t(f). Calculate k(-8).
-21
Let z(c) = -c**2 + 8*c - 2. Let b(u) = u**3 - 5*u**2 - 33*u - 26. Let l be b(9). Let o be 4/l - (-8 + 6). Give z(o).
10
Let i be 7/(98/(-4))*(2772/54)/(-22). Let n(f) be the second derivative of 1/2*f**2 + 0 - i*f**4 + 37*f + 0*f**3. Determine n(1).
-7
Let p(j) be the third derivative of 178*j**2 + 0 + 5/3*j**3 + 0*j + 1/12*j**4. Give p(-7).
-4
Let l(m) = 10*m + 6. Let j(x) = 22*x + 19. Let b(g) = 41*g + 39. Let h(d) = -2*b(d) + 5*j(d). Let w(c) = 6*h(c) - 17*l(c). Give w(-4).
8
Suppose 5*i - 14 = -3*p + 1, -4*p = -20. Let m(x) be the third derivative of x**4/24 - 11*x**3/6 + 2*x**2. Give m(i).
-11
Let v = -599 - -602. Suppose -v*p + 4*p - 3 = -3*i, 3*i - 21 = 5*p. Let u(z) = -z**2 - z - 2. Give u(p).
-8
Suppose -3*j + 15 = -2*q, 5*q - 2*j + 5*j = -6. Suppose -9 - 24 = -f. Let k(i) = f - 3*i - 33 - i**2 + i. What is k(q)?
-3
Suppose 5*d + 4*s + s = -15, 4*s = 4*d - 28. Suppose 0 = -2*t + 3*t - m - 47, 0 = 2*t + d*m - 90. Let p(a) = 14*a - t*a + 12*a + 18*a. What is p(-3)?
6
Let b(q) = -q**2 + 7*q - 5. Suppose -12*p + 10*p + 170 = 0. Let i be p*(51/15 - 3). Let s = -27 + i. Give b(s).
-5
Let j(x) = -1 + 2 + 3 - 2*x**2 - 7*x**2 + 7*x**2 + x. Let l(d) = d - 9. Let m be l(6). Give j(m).
-17
Let h(g) = 6*g - 4. Let a(p) = -p**3 - 9*p**2 - 3*p + 6. Let l be a(-8). Let x = l - 4. Let v = -41 - x. Give h(v).
-22
Let a(s) be the first derivative of 77 - 17*s + 1/3*s**3 - 5/2*s**2. What is a(7)?
-3
Let t(o) = 3*o**2 - 47*o - 231. Let y be t(-4). Let l(j) = -2*j**2 + 16*j - 33. Calculate l(y).
-3
Let a(o) = -o**2 - 5*o + 4. Let p(w) = 2*w**3 + 6*w**2 - 3*w - 2. Let l be p(-3). Suppose -2*c = -4*s - 28, 9*s + 2*c = l*s - 20. Give a(s).
-20
Let g(l) = -2*l**2 + 4811*l - 4812*l + 2 + 5. Determine g(-3).
-8
Let y = 78 + -73. Let h(q) = q**3 - 3*q**2 - q - 3. Let t be h(4). Suppose -y*o + 15 + 23 = 3*n, 5*n = 2*o - t. Let k(d) = -3*d - 2. Determine k(o).
-23
Suppose 4*s - 44 = 2*y, 2*s - 52 = 7*y + 18. Let a(c) = 4*c**2 + 5*c + 8. Let x(d) = d**2 - d - 1. Let g(j) = -a(j) + 3*x(j). Determine g(y).
-11
Let k = -229 + 71. Let x = k - -153. Let y(r) = r**2 - 1. Give y(x).
24
Let w = 278 + -271. Let c(v) = 6*v - 17. Calculate c(w).
25
Let h = -19 + 20. Let n = h - -4. Let q(f) = -f + 3 + n + 4 - 9. Determine q(-3).
6
Let n = 7041 - 7039. Let z(w) = -9*w**2 + 2*w - 1. Determine z(n).
-33
Let l(f) = 2*f - 11. Let d(m) = -11*m + 20. Let g(j) = -11*j + 22. Let t(k) = -3*d(k) + 2*g(k). Let w be t(2). What is l(w)?
1
Let o(y) = 3*y + 5. Let r(v) be the first derivative of v**2/2 - 8. Let x(k) = o(k) + r(k). Calculate x(-4).
-11
Let h(x) = -x**2 - 4*x + 3. Let u(c) = c**3 + 8*c**2 - 21*c - 7. Let v be u(-10). Let f be v/(-12)*-8 + -6. Calculate h(f).
3
Suppose -2*h - 2*z = 2, 3*h = 4*h - 5*z - 23. Suppose 4*d = -4*k + 28, -k - 3 = -4*d + h*d. Let v(i) = 4*i**k - 2 - i + 6 - 4. Calculate v(1).
3
Let f(n) = 41*n**2 - 590 - 40*n**2 + n + 10*n + 586. What is f(-11)?
-4
Let l(m) = m**3 - 7*m**2 - 9*m + 10. Suppose 10*s - 5*s = 0. Suppose s = 2*q + 4*j - 6 - 18, -3*q - 2*j + 28 = 0. What is l(q)?
2
Let w(v) = v**2 + 23*v + 11. Let l = 2436 - 2449. Calculate w(l).
-119
Let h(j) be the first derivative of -j**2 - 2*j + 1/4*j**4 - 3 + 2/3*j**3. Let d be 0/(-7) + (-3 - -1). What is h(d)?
2
Let n(o) = -o**2 + o. Let x(j) = 5*j**3 - 4*j - 1. Let i(d) = 2*n(d) + x(d). Let u = -630 - -643. Suppose 0 = -9*t - u*t - 22. Determine i(t).
-6
Let b be ((-1)/3)/(3/54). Let v(j) = -9*j + 4. Let r(p) = 19*p - 9. Let d(x) = b*r(x) - 13*v(x). Give d(5).
17
Let r(c) = c - 6. Let w be r(3). Let n = -426 + 428. Let v(m) = -38 + m**n + m + 12 + 6 + 13 + 3. Determine v(w).
2
Let o(g) be the second derivative of -g**4/12 + g**3/3 - 8*g**2 + 64*g + 5. Determine o(0).
-16
Let r(q) = 14*q**2 - q + 8. Let v(j) = -3*j**2 + j - 1. Let n(x) = -2*r(x) - 9*v(x). Calculate n(-7).
-7
Let m(h) = h + h - 7*h - h - 12 + h. Let a = -2 + -6. Calculate m(a).
28
Let x be (98/245)/(0 - -1) + 64/(-10). Let o(j) be the second derivative of j**4/12 + 2*j**3/3 - 4*j**2 + j. Give o(x).
4
Let q(i) = -6*i**2 - 3*i + 1. Let l be q(3). Let m = -42 - l. Suppose -m = -8*w + 3*w. Let t(p) = -p - 4. Calculate t(w).
-8
Let i(u) be the second derivative of -u**4/12 - u**3/2 - 40*u**2 - 34*u. Let m(j) be the first derivative of i(j). What is m(5)?
-13
Let h(u) be the third derivative of u**6/120 - u**4/12 + u**2 + 85*u. Give h(-3).
-21
Let a(r) = -4*r**2 - 11*r + 6 + r**2 + 4*r + 5*r**2. Let t(u) = -u + 1. Let y(s) = a(s) - 3*t(s). Let g be y(2). Let o(j) = -j**3 + 3*j**2 + 2. What is o(g)?
2
Suppose 2*i - 8 = 2*f, 2*f = 3*i - 8 - 5. Let v(t) = 0 - 18*t**2 + 2 + 11*t**2 + 5 + i*t - t**3. Calculate v(-8).
31
Suppose 0 = 4*k - 1 - 3. Let u(x) = x + x + 4910005*x**3 - 4910001*x**3 - x**2 - 1. What is u(k)?
4
Let z(o) = -2*o**2 + 8*o - 21. Let q be z(6). Let r = 53 + q. Suppose -9*b + b = r. Let s(u) = 5*u - 1. Give s(b).
-6
Let h be 9 + -6 + 2 + 21 + 2. Let f(z) = 1201 + h*z - 1211 - 19*z - z**2. Determine f(5).
10
Let j(h) = h**2 - 5*h + 6. Let t be j(4). Let n = 4 - t. Let p(y) = n*y**2 + 69 - 31 - 36. Determine p(2).
10
Let v(c) = -c + 1. Let p(l) = -l + 9. Let t be p(-6). Let u = t + -12. Suppose 4*r = 5*o - 9, 2*o = u*r + 5*o. Calculate v(r).
2
Let y(r) be the second derivative of 0 + 83*r + 1/6*r**3 + 3*r**2 + 0*r**4 + 1/20*r**5. What is y(0)?
6
Let k(t) = 3*t + 9*t + 637 - 306 - t**2 - 350. What is k(10)?
1
Let c(s) be the first derivative of -2*s**2 - 2*s - 77. Let h be c(0). Let a(f) = -f**3 - 3*f**2 + f + 4. What is a(h)?
-2
Let p(k) = k**2 - 92*k + 1390. Let g be p(73). Let v be 5/2 - (-1)/(-2). Let a(h) = 8*h**2 - 9*h**2 - h**3 - g*h**v - 5 + 3 + 4*h. Give a(-5).
3
Let d(b) be the second derivative of -b**5/20 - 35*b**4/12 - 35*b**3/6 - 15*b**2 + 300*b. Determine d(-34).
4
Let b(l) = 5*l - 2. Let j be ((-216)/28)/((-22)/(-28) + -1). Let p be j/(-48)*8/(-3). Suppose -3*w = -5*o + 4, -6 = p*w + 2*o - 7*o. What is b(w)?
8
Let u = 59 + -59. Let i(h) be the second derivative of h**3/6 - 4*h**2 - 1091*h. Determine i(u).
-8
Let x(l) = -25*l**2 - 13*l - 27. Let k(h) = -18*h**2 - 8*h - 17. Let z(q) = 7*k(q) - 5*x(q). Calculate z(9).
16
Suppose -528*n + 511*n - 51 = 0. Let c(x) = -37*x - 20. What is c(n)?
91
Let g(t) = -t**3 - 5*t**2 + 2*t - 9. Suppose -90*n = 3*z - 88*n, 2*z + 2 = -2*n. Let q be (7 + (-136)/24)/(z/(-9)). Give g(q).
15
Let d(s) = 159*s + 3025. Let b be d(-19). Let k(w) be the second derivative of -1/20*w**5 - w**2 - 5/6*w**3 + 0 - 1/2*w**b - 17*w. Calculate k(-5).
-2
Let a(k) = -7*k - 11. Let c(y) = 496*y + 5954. Let q be c(-12). Determine a(q).
-25
Let x(i) = -i**3 + 5*i**2 + 5*i + 3. Let b be 138 + 2/1 - -1. Let n = b - 135. What is x(n)?
-3
Let l be 11 - 5 - 1*((-4 - 2) + 12). Let w(y) = -y**3 + y**2 + y + 14. Calculate w(l).
14
Let a(b) = -3*b**2 + b - 36. Suppose -7*x - 12 = -13*x. Let q(n) = n**2 + 18. Let y(z) = x*a(z) + 5*q(z). Let d be y(6). Let c(l) = l + 7. What is c(d)?
1
Let u(a) = 2*a - 1